ue
Let i = 39 - 34. Suppose 0 = f - 3*p + 20 - 60, 0 = -i*f - 5*p + 140. Suppose 30*y - f*y = -2221. Is y prime?
True
Suppose -4*a + 27184 = 5*x - 45659, -a = 2*x - 29136. Suppose x = -12*b + 63875. Is b a prime number?
False
Is 89269 - ((-28)/(-42) - (-66)/9) a composite number?
False
Let z be (2 + -1)/(-4)*-8. Let k be -2*z*(-6)/(-24). Is 1494*k/(-2) + -4 a prime number?
True
Suppose -568*k + 518*k + 86796850 = 0. Is k prime?
False
Let i = 153 + 163. Suppose -i*l + 318*l - 39154 = 0. Is l a composite number?
False
Suppose -6*f - 158768 = -10*f - 5*i, 0 = -2*i + 8. Is f a composite number?
True
Let k = 161 + -163. Suppose 0 = d + 2*m - 2, -d + 1 = -5*m - 1. Is k*((-295)/d + 1) composite?
False
Let x = -498 - -581. Suppose u + l = 10058, x*u + 2*l + 40250 = 87*u. Is u a composite number?
False
Let f = -139 + 28. Let y = f + 111. Suppose 2*h + 19 - 189 = y. Is h a prime number?
False
Suppose 324363 = 4*c + 2*p + 34681, 3*c + 4*p = 217274. Is c composite?
True
Is 12655 + 2 + 2 - (-10 + 8) composite?
True
Suppose 0 = 5*u + 8 - 18. Suppose 0 = -4*s + h + 11, 3*s + 11 = u*s + 3*h. Suppose s*z - m = -2*m + 1796, -z + 449 = -3*m. Is z a composite number?
False
Let z(o) = -102*o - 27. Let b(x) = x - 1. Let f(u) = b(u) - z(u). Let l(m) = 993*m + 7949. Let h be l(-8). Is f(h) prime?
True
Let n be 12/18 - (-1389558)/9. Suppose -10666 = 18*w - n. Is w prime?
False
Let s = 82 - 91. Is ((-279304)/(-24))/(3 - (-24)/s) a prime number?
True
Let k(a) = -254*a**2 - 3*a - 44. Let l be k(-6). Let j = -5233 - l. Is j prime?
False
Let g(y) = 206*y - 5. Let f(d) = -d**3 + 9*d**2 + 3. Let w(m) = 3*m**2 + 2*m + 1. Let v be w(-2). Let t be f(v). Is g(t) prime?
True
Suppose 14*h + 39 = 375. Suppose -h*f + 35*f = 18271. Is f prime?
False
Let f(q) = 257*q**2 - 260*q + 63. Is f(8) prime?
True
Let g be ((-11596)/4 - -5)*(-9)/6. Let p = -2162 + g. Is p a prime number?
True
Let o(k) = -1741785*k**3 - 21*k**2 + 12*k + 13. Is o(-1) a prime number?
False
Let c = -283 - -262. Is 2177/(-1)*(c + 20) a prime number?
False
Is (179300/6 - -1)/(3304/(-168) + 20) a prime number?
True
Suppose 8*y - 6*y - 2*b = 1372872, 5*b = 4*y - 2745743. Is y prime?
True
Let x be (-22)/12 + 2 - 1830/(-36). Let z = x - 38. Is 4/(-26) + 9219/z a composite number?
False
Let m(h) = -2*h**2 + 3*h + 24. Let c be m(14). Let i = 135 + c. Is (4 - 0 - i) + 4 a prime number?
True
Is (1*-4)/((-10)/(-834545)*-2) prime?
True
Suppose -77*m - 243756 = -80*m - 3*w, -5*m + 406220 = -3*w. Is m a composite number?
True
Let r(v) = 2*v**2 - 38*v - 61. Let s be r(20). Suppose n = -5*p + 257, 4*p - 10 = 10. Let c = n - s. Is c prime?
False
Let h(m) = -176*m + 36. Let n be h(-9). Let v = n + 1621. Is v a prime number?
False
Let a = -286 - -281. Let s(n) = -n**3 - 4*n**2 - 22. Is s(a) composite?
False
Suppose 131*s + 7570574 = 48252286 + 22948394. Is s composite?
True
Let u(b) = 36570*b - 679. Is u(14) a prime number?
False
Let k be (25/10 + -2)/((-1)/(-4)). Suppose l = -k*c + 3967, -5*l + 7761 + 12074 = -2*c. Is l composite?
False
Suppose 17 = 4*o + 21. Let b be (-2)/((-8)/(-20)) - o. Is (-333)/b - 9/36 composite?
False
Suppose 833*m - 807*m = 141595 + 699947. Is m a composite number?
True
Suppose z - 3*u + 4*u = 231000, 692996 = 3*z - u. Is z a prime number?
True
Is (-89356)/267*1182/(-8) a composite number?
True
Let i = -12073 + 84692. Is i a prime number?
False
Let c be 77/22 - 2/4. Suppose 7*u - 2*u - 3*o = c, 0 = -o - 1. Suppose p + 1414 = 2*x, 12 + u = 3*p. Is x a composite number?
False
Let r(v) = 2*v**3 - 38*v**2 + 19*v - 11. Let g be r(19). Suppose 2*k = t - g, -2*t + 4*t = -5*k + 736. Suppose 0 = 11*n - t + 116. Is n a prime number?
False
Suppose -5*q + 305570 = 3*j, -336*q + j = -334*q - 122217. Is q a prime number?
False
Suppose -4*g + 189326 - 32112 = -2*w, 2*w = 5*g - 196515. Is g composite?
False
Let a(z) = -114*z + 131. Let q be a(17). Let x = 3628 + q. Is x prime?
False
Is (197/197)/((-3)/(-683481)) a prime number?
True
Let t(h) = 158*h**2 + 38*h - 1031. Is t(35) prime?
False
Let g(a) = -a**3 + 21*a**2 - 2*a + 36. Let y be g(21). Is (y/8)/(7 + 191134/(-27304)) a prime number?
True
Let y(j) = -28*j**3 - 8*j**2 + 25*j + 4. Is y(-10) a composite number?
True
Let y be (-4 + 2)*(1 - 3). Suppose 0 = 2*v + 4*g + g - 12, 3*v - y*g = 18. Let f(x) = 12*x**2 - 8*x - 5. Is f(v) a prime number?
True
Suppose 6075 = -7*y + 2*y. Let d = 196 - y. Is d prime?
False
Suppose -11*w = -2*w + w. Is (20795 - 58)/(1 + w) prime?
False
Let f be (6 - 3) + (3 - 7). Let q(d) = -9891*d + 6. Is q(f) a composite number?
True
Suppose 0 = 239*q - 240*q - 14. Let h(b) = -178*b - 25. Is h(q) a composite number?
False
Let m be (-4)/((-4)/1)*-3. Let k be (-360)/(-108)*m/(-2). Suppose -k*d + 4244 = -d. Is d a composite number?
False
Let f(c) = -2*c**3 - 49*c**2 - 23*c + 40. Let q be f(-24). Let g(v) = 84*v**2 - 74*v + 3. Is g(q) a prime number?
True
Suppose 7*w = 184 + 68. Is w + 5/2*-2 prime?
True
Is 20 + (-16001685)/(-75) - 6/(-5) composite?
True
Let t be (-37912)/24*(13 - 1)/(-2). Let g = -4041 + t. Is g composite?
False
Let g(b) = -869*b + 2908. Is g(-59) a composite number?
True
Suppose -2 = -2*k - 2*d, -72*k - 4*d = -74*k - 22. Suppose -11 = 3*q + 19. Is (4045/q)/(k/6) prime?
True
Let f = 101784 + -54459. Suppose -14*z = 11*z - f. Is z prime?
False
Let l(q) = 14*q**2 + 53*q + 18. Let v(h) = 9*h**2 + 35*h + 13. Let g(x) = 5*l(x) - 7*v(x). Suppose -i = 3*m - 46, -4*m + 44 = -m + 2*i. Is g(m) a prime number?
True
Let b(n) = 101*n - 12. Let k(i) be the first derivative of 3*i**2/2 - 13*i + 15. Let q be k(6). Is b(q) composite?
True
Is (1/((-6)/(-4)))/(34/37268403 - 0) composite?
False
Is (5/(-20)*-4)/(1/4) + 150703 prime?
True
Suppose 24 = -3*x - 3*x. Is (-84)/x*16495/15 a prime number?
False
Let r = -33 + 33. Suppose 15*d - 22*d + 18956 = r. Suppose 14*p - d = 10*p. Is p a prime number?
True
Let f(m) = 156 - 1217*m - 84 + 112 + 35. Is f(-11) a prime number?
False
Let k = -7751 + 11824. Is k composite?
False
Let i(v) = -13*v**3 - 23*v + 5. Let p = 290 + -300. Is i(p) prime?
False
Suppose -i + 8*q = 16*q - 24409, -9 = -3*q. Is i a prime number?
False
Let f(p) = 1707*p**2 + 47*p + 583. Is f(-12) prime?
False
Let h = -50 + 44. Let k be 649/((h/2)/(-3)). Suppose -374 = -3*f + k. Is f prime?
False
Let z(g) = 28*g**2 + 142*g - 427. Is z(-52) a composite number?
False
Let y be ((-2)/15*-3)/((-18)/(-17190)). Suppose -y + 3673 = 3*v. Is v a prime number?
True
Suppose 3*f + 1407461 = 11*f + 3*f. Is f a composite number?
False
Let c(f) = -3*f + 73. Let x be c(24). Is 19066/(-2)*(-4 + x - -2) a prime number?
True
Suppose i - 2692924 = -5*i - 46*i. Is i composite?
False
Let d(v) = 102*v**2 - 50*v - 597. Is d(-13) prime?
True
Is (6/30)/((-20)/(-33293900)) a composite number?
True
Suppose -6*k = -18*k - 321372. Let x = k + 40692. Is x prime?
False
Let u be (7/(-6))/7 + 96892/24. Suppose -180 = -a + 5*c + u, -2*a + 8454 = -5*c. Is a prime?
False
Suppose -2*h = -18 + 26. Is (h/(-3))/(-7*12/(-210042)) prime?
False
Let n(w) = 2121*w - 22. Suppose -o + 7*z - 8*z = -2, 5*z = -3*o + 8. Is n(o) a composite number?
False
Let p = 14 + -22. Is ((-4038)/p)/((-18)/(-24)) a prime number?
True
Let q = 391189 + 11770. Is q a composite number?
True
Let t be ((-1)/4)/((-45)/360). Suppose r - 2195 = l + 3*l, -t*r + 4*l = -4374. Is r a composite number?
False
Let y = 26720 - -93711. Is y composite?
False
Let z(a) = 8199*a + 209. Is z(12) composite?
False
Suppose 0 = 5*g - 196 + 186. Suppose g*r + 3*y = 1630, -2*y + 7*y = 20. Is r a prime number?
True
Is (0 - -23742) + (175 - 176) prime?
True
Let p = -230 - -36. Let j be (5952/72)/(-2 + p/(-96)). Let v = -1633 + j. Is v a prime number?
False
Suppose 5*h + 467 = 42. Is 10/85 - 15885/h a composite number?
True
Suppose 4*r - p - 530357 = 0, -5*p = -3*r + 7*r - 530351. Is r a prime number?
True
Let v(h) = -23*h**2 + 14*h - 28. Let w be v(-13). Let o = w - -6366. Is o a prime number?
True
Suppose -4 = v, -11*h = -14*h + v - 392. Let o = -127 - h. Suppose 4*g - 15957 = w, 8837 + 11113 = 5*g - o*w. Is g a composite number?
False
Suppose -1394*m = -1403*m + 72630. Let z = 11971 - m. Is z composite?
True
Let o be ((-16)/2)/(8 + 75/(-10)). Let x be ((-2)/(o/(-6198)))/(2/(-8)). Suppose 10567 - x = 4*p. Is p prime?
True
Let u(q) = q**3 - 12